at is (27 - 24 - -12) + -5 + 0 - 6?
4
Evaluate -6355 + 6501 + (-1 + -1 - (18 - 2)).
128
What is -51 - 0 - (-2626 - -2580)?
-5
What is -13 + ((28 - -11) + -20 - 15)?
-9
What is 8 + (24 - -5) + (-8 - -10 - 7 - -4)?
36
What is the value of (86 - (72 + -70)) + -205?
-121
(52 - (-27 - -72)) + 26
33
What is 20 - (-6 + (8 - -21) + 23)?
-26
Calculate 0 + -6 + 28 + -52 + 20 - -20.
10
Calculate 15 - (9 - -12) - (6 + -16) - 84.
-80
What is 5 + -13 + -5 + -7 + 12 - 4 - -11?
-1
Evaluate 29 + -63 + 32 + -26 - -27.
-1
Evaluate 32 + -30 + 16 + -29 + -1 + (60 - 2).
46
11 - (-74 - (6 - (7 + -31 - -7)))
108
What is -2 + 5 + (-7 + (6 - 2) - -2) - 0?
2
Calculate -47 + (86 - 34) + (-7 - (-2 + 5)) - 52.
-57
What is -8 + -9 + 33 + -257 + 160?
-81
Calculate (-8 + (7 - 2) - 6 - -20) + (-40 - 45).
-74
What is (-2956 - -2976) + -13 + (0 - 2)?
5
What is (-4 - -11) + -32 + -69?
-94
Evaluate 46 + (25 - 217 - -93).
-53
55 + -2 - (-1973 + 2020)
6
What is the value of (1 - (2 + 8)) + (132 + -101 - (-17 + 1))?
38
Calculate 0 - (-7 + -13 - -2) - 8.
10
Evaluate 20 + (-11 - -10) + -24 - (-1 - -4).
-8
What is the value of -41 - (-50 + -14 - -39)?
-16
What is the value of 323 + -307 + -20 + -1 + 6 + 0 + 20?
21
What is the value of 124 - -73 - 140 - 145?
-88
What is 554 + -549 + (50 - -8)?
63
What is the value of -27 + -36 + (48 - 9) + -10?
-34
Evaluate -139 - (-122 + 144 + -80).
-81
Evaluate 7 - (-12 + 1 + (51 - ((-1 - 1) + 3))).
-32
What is the value of 3 + -4 - (-13 + (8 - -3) - (61 + 1))?
63
Evaluate 46 + (-57 - (-82 + -1)).
72
What is the value of 21 + (30 - (7 + 15) - 38)?
-9
Calculate (2 + -8 - (41 - 41 - 15) - 4) + -100.
-95
What is the value of 27 + 12 + (-31 - -13) + -25?
-4
What is the value of (-12 - (-124 - (-56 - -40))) + (-14 - 1)?
81
What is -32 + 31 + 17 + -47?
-31
What is -36 + 68 + -20 + 1 + 8?
21
Calculate ((8 - 15) + 2 - -30) + -9 + 8.
24
What is -50 - (-3 + (-12 - -6)) - -13 - -9?
-19
What is (-36 - (-30 - (31 - 25))) + (1 - 18)?
-17
What is the value of 3 + (0 - (-13 - -23)) + (-2 - -21)?
12
Evaluate 45 - (14 + -19 - (10 - (7 - 3))).
56
50 - (33 - (-15 - -38))
40
42 - (182 + -132) - (-17 + -2 + 1)
10
What is (-28 - -93 - 81) + 2 + -1?
-15
Calculate (-38 - -30) + (-1 - (-5 - 2)) - -120.
118
Evaluate (-5 - -3) + -2 - (19 + 91 + 25).
-139
Evaluate 27 - (-47 - 0) - 70.
4
Evaluate 159 + -187 + -7 + 13 + -14 + 23.
-13
What is 1 - -6 - -42 - (23 - (1 + 3) - 11)?
41
Evaluate 2051 + -2144 + 77 + 0.
-16
What is the value of -24 - 6 - ((-1 - 4) + 17)?
-42
Calculate (-33 - -18) + 49 - 9.
25
What is 18 + -20 + 2 + (2 - -42 - (-2 + 1))?
45
What is -121 - ((-24 - 92) + 44)?
-49
What is 44 - (21 - (8 + 0 + 4))?
35
Calculate (-20 + 11 - 1 - (-5 + 2 + -12)) + -102.
-97
(19 - ((-6 - -2) + 9)) + -54 + 173 + -17
116
Evaluate (-2 - 2) + 3 + (11 - 64).
-54
Calculate -7 + 1 + 13 + 22 + 33 + 10.
72
What is (0 + -18 + (4 - 3) - 3) + 12 - 11?
-19
(-138 - -153) + (-29 - -1) - -26 - (-5 - 0)
18
What is (30 - (-2 + (21 - 10))) + (-2 - (2 + 7))?
10
What is the value of -9773 - -9893 - (2 - -61)?
57
What is 38 - (-33 + (-9 - (-11 + -9)))?
60
What is the value of 5 - ((24 - (-14 + 0)) + -7 - 7)?
-19
What is 21 + -6 + (140 - 107)?
48
Evaluate 0 + 81 - (560 + -565) - 17.
69
What is -35 - 10 - 0 - (-48 - -62)?
-59
What is the value of -11 + 9 + 15 + -17 + -19 - -78?
55
What is the value of -234 + (6 - 50) + 130?
-148
58 + 1 + 3443 + -3538
-36
What is -56 + (14 - (9 + -80))?
29
Evaluate 6 - (-73 + -1 + (-515 - -525)).
70
What is (-9 - (-5 + 5 + 8)) + 12 + -17?
-22
What is 14 + -19 + -31 + 25 + -25?
-36
What is the value of 1 + -1 + 10 + (-31 - -7) + -22 + 69?
33
Evaluate 70 + -73 + (16 - -36).
49
What is 9 + -2 + 51 + 15 + (-28 - -30)?
75
(-20 - (-25 - -23)) + -20
-38
What is the value of 10 + (0 + -50 - (-15 - -3)) + 15 - 105?
-118
Calculate (51 - 62) + -59 + 0.
-70
Evaluate (-14 + -12 + 12 - -50) + 8 + 22.
66
95 + -52 + -19 - 65
-41
Evaluate -44 - (14 - -35 - 72).
-21
(-1 - -3) + (9 - 38 - (13 - 12))
-28
Calculate (-9 - (-1 - (8 - 7))) + 2 + -25 - 1.
-31
What is the value of -5 - ((14 - 16) + -48 + 6)?
39
1 - -33 - (6 + -72 + 73)
27
What is 54 + -128 + 54 + -1 + (-10 - 0)?
-31
(2468 - 2392) + 3 + -1
78
Evaluate -10 + 1 - ((0 - 17) + 34 + -17 + 11).
-20
Calculate 82 + -147 + 128 - (-1 - -14).
50
What is -132 - -147 - (-31 + 19)?
27
Evaluate -15 - -5 - (32 - (-19 + -1 + 34)).
-28
-8 - (-52 + (13 + -10 - 11) - -14)
38
What is 2 - (0 + -3) - (-39 + (15 - 22) + 18)?
33
-57 - ((304 - 117) + -153)
-91
What is -2 + 2 + 6 + -462 + 430 - -14?
-12
-38 - (-17 + (1 - 45))
23
What is the value of 6 + -5 - (46 + -31) - 13?
-27
What is 23 + (-46 - -1 - -21) + 1 + 23?
23
-11 + 2 - -3 - ((-6 - -8) + -8) - -124
124
Calculate 132 + 237 + -145 + -91.
133
Calculate 42 + 1 + (-1 - -3) + -22109 + 22121.
57
What is 2 + -64 - (-71 + 58 + -5)?
-44
-160 + 17 + 34 + 65
-44
Evaluate 61 + (-61 + 61 - (1 - -11)).
49
What is (-8 - ((-17 - -24) + -23)) + 2 + 17?
27
What is the value of 17 - 1 - -3 - (154 - (23 + -16))?
-128
What is 4 + -6 - (-6 + -7 + 3 + -3) - 146?
-135
Calculate (104 - 144) + -65 + 135.
30
What is 1038 - 1061 - (-31 + -4 + 2)?
10
What is (14 - -1 - 0) + -4892 + 4864 + -75?
-88
What is the value of 8 - -1 - (-24 - 1) - (7 + -1 + 2)?
26
What is the value of 162 - (95 - -4) - (4 + 16 + -3)?
46
Calculate 1 - -2 - (-26 + (-9 - -65)).
-27
Calculate 6 + -16 + (-29 + 33 - (1 + 3 + 0)).
-10
What is -85 + 2 + (-39 + 42 - (4 - 13))?
-71
What is the value of (-49 - -40) + (-1 - -5) + -2 - 3?
-10
-32 + (1 - ((9 - 8) + -5 + -4)) + 0
-23
414 - 399 - (-4 - (-7 + 4))
16
Evaluate 22 + (-33 - (19 + -48) - 33).
-15
Calculate 4 + 27 + -10 + -2 + 14.
33
Evaluate (-110 + 1 - (5 + -7)) + -182 + 282 + -113.
-120
What is (28 - 14) + (-1 - 49) - 0?
-36
Calculate 255 - 206 - ((-6 - -12) + -37).
80
Evaluate 19 + (-116 + 130 - (10 - 2)).
25
Evaluate -11 + 7 + 10 - (43 - (-21 - -2)).
-56
What is the value of -47 + (-4 - 11 - (1 + -12)) + 12?
-39
What is -2 - (-1 + 23) - (-34 + -28 + 73)?
-35
What is -38 - -4 - -1 - (25 - 116)?
58
Calculate 13 + (8 - 23 - -6) - (-18 - -23).
-1
Calculate -2 + (-6 - -9) - (-9 - ((112 - 10) + -14)).
98
Calculate -11 + 17 - (13 + 3 - -26).
-36
Evaluate (-1 - -11) + -1 - (-271 + (613 - 359)).
26
Calculate (5 - -54) + 127 + -321.
-135
What is 26 + -13 + (8 - -5) + -33?
-7
(-20 - -28) + (-6 - (5 + -9)) - 48
-42
Calculate (-1 - 99) + -22 + 35 - (-19 - -6).
-74
Evaluate 5 - 131 - (7 - (-51 + 84)).
-100
Evaluate (-51 - 55) + 111 - (10 + 0).
-5
Calculate -2193 + 2147 + 3 + 14.
-29
67 + (-125 - (-8 + -103))
53
Evaluate 274 - 292 - (12 - 93).
63
What is the value of -2 - -76 - (-18 + -37 - -68)?
61
-53 - ((1 - 8) + (-238 - -233))
-41
What is the value of (22 + 47 - 75) + -45?
-51
What is the value of -24 - (-22 - 28) - 28?
-2
What is (100 - (24 - -79)) + 8?
5
What is 694 + -896 + (3 - -142)?
-57
Calculate (-13 - -42 - 15) + -27.
-13
Calculate (73 - 53) + (-24 + 12 - 9).
-1
(15 + -97 - -43) + (-2 - 12 - (-1 + -2))
-50
Evaluate (39 - 38 - 105) + 187.
83
What is the value of 30 + (-41 - ((38 - -18) + -26))?
-41
Calculate -12 + -6 - (36 - (-31 + 79)).
-6
What is the value of 132 + -99 - -62 - 167?
-72
Calculate (5 - 9) + 0 + (16 + -5 - (10 - 3)).
0
Calculate -4 + 5 + (-3 - (-6 + -34 - 10)).
48
What is the value of 101 + (-63 - 23) + -17 + (8 - (1 + 0))?
5
What is -104 + 93 - ((-17 - -3) + -41 + 71)?
-27
Calculate (0 - 0) + (2 - -1) - (-175 - -52 - -166).
-40
What is the value of (66 - -30) + -63 + -65?
-32
Evaluate 15 + 22 - (-11 + 10 - 15).
53
What is the value of (-32 - 97) + 117 + (-1 - -7 - 1)?
-7
17 + (3 - 23) + 20 + -4
13
Evaluate 8 + (-1 + 9 + -8 - -4) + -20 + 11.
3
Evaluate 66 - (34 + 47) - -21.
6
Evaluate -55 + 19 + -29 + (43 - 41).
-63
Evaluate (0 - 2) + 6 + 4 - (18 - -14 - 9).
-15
What is 2 + (-8 - (7 + -14)) + 1 + (9 - -36)?
47
Evaluate (4 - -9) + 2 + 106 + -130.
-9
What is (153 - (143 - -8)) + 0 + -13?
-11
What is (22 - 12) + -114 + 133?
29
Calculate 11 - (-4 + (0 - -9) + -28 + 9 + 15).
10
10 + (-7 - -1) + (35 - 25) + (4 - 12)
6
Evaluate (8 + (-10 - -19) + -18 - 10) + 7.
-4
1 - 6 - (14 + -1 - ((22 - -59) + -65))
-2
6 + -73 + 733 + -655
11
What is -55 - -1 - (1598 + -1670)?
18
Evaluate -3076 + 3200 + (-70 - 0).
54
What is the value of -191 + (157 - (18 + 52))?
-104
-3 + 2 + (14 - 28 - -12 - 7)
-10
149 - 1 - 